{"id":257,"date":"2024-09-10T16:46:54","date_gmt":"2024-09-10T19:46:54","guid":{"rendered":"http:\/\/i2ca.ai\/?page_id=257"},"modified":"2024-09-10T16:53:13","modified_gmt":"2024-09-10T19:53:13","slug":"i-seminario-de-difusao-cientifica","status":"publish","type":"page","link":"http:\/\/i2ca.ai\/index.php\/i-seminario-de-difusao-cientifica\/","title":{"rendered":"I Semin\u00e1rio de Difus\u00e3o Cient\u00edfica"},"content":{"rendered":"\n<p><\/p>\n\n\n\n<p>O <strong>I Semin\u00e1rio de Difus\u00e3o Cient\u00edfica do Instituto de Intelig\u00eancia Computacional Aplicada &#8211; I2CA<\/strong> aconteceu no audit\u00f3rio do Laborat\u00f3rio de Pesquisa e Desenvolvimento de Metodologias para An\u00e1lise de Petr\u00f3leos da Universidade Federal do Esp\u00edrito Santo, no dia <strong>17 de novembro de 2023<\/strong> (sexta-feira), \u00e0s <strong>13h30<\/strong>.<\/p>\n\n\n\n<p>Programa\u00e7\u00e3o:<\/p>\n\n\n\n<p>13h30: Solenidade de Abertura (Mesa de Autoridades)<\/p>\n\n\n\n<p>14h10: IA Sustent\u00e1vel &#8211; Dr. Artur d\u2019Avila Garcez (Department of Computer Science &#8211; City, University of London)<\/p>\n\n\n\n<p>14h40: Intelig\u00eancias Computacionais Aut\u00f4nomas &#8211; Dr. Alberto Ferreira De Souza (Programa de P\u00f3s-Gradua\u00e7\u00e3o em Inform\u00e1tica &#8211; PPGI\/UFES)<\/p>\n\n\n\n<p>15h: Coffee Break&nbsp;<\/p>\n\n\n\n<p>15h30: Intelig\u00eancia Computacional Aplicada a Ve\u00edculos Multiarticulados da Ind\u00fastria &#8211; Dra. Claudine Santos Badu\u00ea (Programa de P\u00f3s-Gradua\u00e7\u00e3o em Inform\u00e1tica &#8211; PPGI\/UFES)<\/p>\n\n\n\n<p>15h50: Intelig\u00eancia Computacional Aut\u00f4noma Aplicada \u00e0 Opera\u00e7\u00e3o do Alto Forno &#8211; Dr. Thiago Oliveira dos Santos (Programa de P\u00f3s-Gradua\u00e7\u00e3o em Inform\u00e1tica &#8211; PPGI\/UFES)<\/p>\n\n\n\n<p>16h10: Intelig\u00eancia Computacional e Sensoriamento em Fibras \u00d3pticas para Planejamento de Manuten\u00e7\u00e3o Preditiva de Equipamentos de Lamina\u00e7\u00e3o e de Correias Transportadoras &#8211; Dr. Anselmo Frizera Neto (Programa de P\u00f3s-Gradua\u00e7\u00e3o em Engenharia El\u00e9trica &#8211; PPGEE\/UFES)<\/p>\n\n\n\n<p>16h30: ArcelorMittal e I2CA &#8211; Dr. Fernando Jos\u00e9 Martinelli (ArcelorMittal)<\/p>\n\n\n\n<p>17h: Inaugura\u00e7\u00e3o do Supercomputador Atena e visita guiada aos Laborat\u00f3rios do I2CA<\/p>\n","protected":false},"excerpt":{"rendered":"<p> <a class=\"more-link\" href=\"http:\/\/i2ca.ai\/index.php\/i-seminario-de-difusao-cientifica\/\">Leia mais&#8230; &raquo;<\/a><\/p>\n","protected":false},"author":3,"featured_media":0,"parent":0,"menu_order":0,"comment_status":"closed","ping_status":"closed","template":"","meta":[],"_links":{"self":[{"href":"http:\/\/i2ca.ai\/index.php\/wp-json\/wp\/v2\/pages\/257"}],"collection":[{"href":"http:\/\/i2ca.ai\/index.php\/wp-json\/wp\/v2\/pages"}],"about":[{"href":"http:\/\/i2ca.ai\/index.php\/wp-json\/wp\/v2\/types\/page"}],"author":[{"embeddable":true,"href":"http:\/\/i2ca.ai\/index.php\/wp-json\/wp\/v2\/users\/3"}],"replies":[{"embeddable":true,"href":"http:\/\/i2ca.ai\/index.php\/wp-json\/wp\/v2\/comments?post=257"}],"version-history":[{"count":2,"href":"http:\/\/i2ca.ai\/index.php\/wp-json\/wp\/v2\/pages\/257\/revisions"}],"predecessor-version":[{"id":265,"href":"http:\/\/i2ca.ai\/index.php\/wp-json\/wp\/v2\/pages\/257\/revisions\/265"}],"wp:attachment":[{"href":"http:\/\/i2ca.ai\/index.php\/wp-json\/wp\/v2\/media?parent=257"}],"curies":[{"name":"wp","href":"https:\/\/api.w.org\/{rel}","templated":true}]}}

I Seminário de Difusão Científica

<p></p>



<p>O <strong>I Seminário de Difusão Científica do Instituto de Inteligência Computacional Aplicada &#8211; I2CA</strong> aconteceu no auditório do Laboratório de Pesquisa e Desenvolvimento de Metodologias para Análise de Petróleos da Universidade Federal do Espírito Santo, no dia <strong>17 de novembro de 2023</strong> (sexta-feira), às <strong>13h30</strong>.</p>



<p>Programação:</p>



<p>13h30: Solenidade de Abertura (Mesa de Autoridades)</p>



<p>14h10: IA Sustentável &#8211; Dr. Artur d’Avila Garcez (Department of Computer Science &#8211; City, University of London)</p>



<p>14h40: Inteligências Computacionais Autônomas &#8211; Dr. Alberto Ferreira De Souza (Programa de Pós-Graduação em Informática &#8211; PPGI/UFES)</p>



<p>15h: Coffee Break&nbsp;</p>



<p>15h30: Inteligência Computacional Aplicada a Veículos Multiarticulados da Indústria &#8211; Dra. Claudine Santos Baduê (Programa de Pós-Graduação em Informática &#8211; PPGI/UFES)</p>



<p>15h50: Inteligência Computacional Autônoma Aplicada à Operação do Alto Forno &#8211; Dr. Thiago Oliveira dos Santos (Programa de Pós-Graduação em Informática &#8211; PPGI/UFES)</p>



<p>16h10: Inteligência Computacional e Sensoriamento em Fibras Ópticas para Planejamento de Manutenção Preditiva de Equipamentos de Laminação e de Correias Transportadoras &#8211; Dr. Anselmo Frizera Neto (Programa de Pós-Graduação em Engenharia Elétrica &#8211; PPGEE/UFES)</p>



<p>16h30: ArcelorMittal e I2CA &#8211; Dr. Fernando José Martinelli (ArcelorMittal)</p>



<p>17h: Inauguração do Supercomputador Atena e visita guiada aos Laboratórios do I2CA</p>
